10. What is the remainder when 264 is divided by a?
36
Let a be 2274/21 - 6/21. Suppose 0 = 2*y, -3*n - 2*y - 3*y = -a. What is the remainder when 51 is divided by (8/(-16))/((-1)/n)?
15
Let z = -68 + 94. Calculate the remainder when 152 is divided by z.
22
Suppose -2*l + 3*l = 0. Suppose -2*w + 11 + 3 = l. Let j = 11 - w. What is the remainder when 10 is divided by j?
2
Suppose 3*g = -2*w + 60, w - 4*w = -2*g - 103. Suppose w - 87 = -b. What is the remainder when b is divided by 8?
6
Let h = 9 + -5. Suppose 0 = 10*d - 5*d. Suppose -2*j + 7*j - 2*f - 235 = d, -69 = -j - h*f. Calculate the remainder when j is divided by 17.
15
Let f(m) = m**3 + 10*m**2 - 6*m - 4. Let d be f(-6). Suppose 16*z - 1376 = -27*z. Suppose -z = 4*w - d. Calculate the remainder when w is divided by 13.
10
Let t(y) = 51*y - 1. Let p = -5 - -6. Let k be t(p). Suppose k = 8*d - 3*d. What is the remainder when 19 is divided by d?
9
Let h = -7 - -13. Suppose -h = -3*d, -3*o - 3*d - d + 155 = 0. Suppose -4*l = -q + 25, 18*q + 23 = 20*q + l. What is the remainder when o is divided by q?
10
What is the remainder when 187 is divided by (-2036)/(-40) - (-9)/90?
34
Let p be (0/(-2))/(1 - -1). Suppose 2*r + p*r = -6. What is the remainder when (-5 - r)*(-34)/4 is divided by 6?
5
Let z(o) = 295*o**2 - 2060*o - 9. Suppose c - 3*p = 91, 2*c - p + 103 = 3*c. Calculate the remainder when c is divided by z(7).
22
Let i(d) = -13*d**2 - 2*d. Let r be i(3). Let z = -39 - r. What is the remainder when z is divided by (-1)/((1/(-29))/1)?
26
Let g = 1195 - 1174. What is the remainder when 564 is divided by g?
18
Let q(c) = c**2 - 25*c + 44. What is the remainder when 22 is divided by q(24)?
2
Let w = -10 + 14. Suppose w*y + k - 160 = -40, -75 = -3*y + 3*k. Calculate the remainder when 111 is divided by y.
24
Let t be (-4)/(0 - -4)*(-1 + -1). What is the remainder when 56 is divided by (-3 - -4)/(t/24)?
8
Let n = 9 + -5. Let h = n + -18. What is the remainder when -1 + (7 - 3) - h is divided by 6?
5
Let f = 144 + -87. What is the remainder when f is divided by 20?
17
Let x = -4 + 1. Calculate the remainder when (35 - -3)/(-1 - x) is divided by ((-16)/(-12))/((-4)/(-30)).
9
Let t = 80 - 146. Let b = 255 + t. Calculate the remainder when b is divided by 16.
13
Let y(u) = u**3 - u**2 - 2*u + 3. Let m be y(0). Calculate the remainder when 39 is divided by 86/10 + ((-24)/(-20))/m.
3
Let g(p) = 3*p**2 + p - 7. What is the remainder when 136 is divided by g(3)?
21
Suppose 0 = -4*t + 5*t + f - 3, 2*t - 1 = 3*f. Suppose 5*b + 4*z = t*z + 87, -2*b = 3*z - 37. What is the remainder when 133 is divided by b?
14
Let z = -66 - -92. Suppose -2 - 3 = -5*p + 5*h, 3*h - 7 = p. Suppose -10*n + 510 = -p*n. Calculate the remainder when n is divided by z.
24
Let v(w) = -w. Let p be v(-9). Let g = p - -1. Suppose 4 + 50 = 2*r. What is the remainder when r is divided by g?
7
Suppose -31*i = -14*i - 510. Calculate the remainder when 539 is divided by i.
29
Let h(j) = j**2 - 8*j - 1. Let z = -19 - -24. Suppose -z*r + 67 = 17. What is the remainder when h(r) is divided by 11?
8
Let f be 0 - (-7 + 3 - 10). Suppose f*j - 59 = 13*j. What is the remainder when j is divided by 30?
29
Let v(m) = -2*m**3 + 29*m**2 - 75*m + 1. Let o = 60 + 29. What is the remainder when o is divided by v(11)?
20
Let q = 2 - -5. What is the remainder when (18 - 21) + (-1 - -16) is divided by q?
5
Let t(c) = c**2 + 2*c - 4. Let u be t(5). Suppose -5*i + 19 = -u. What is the remainder when i is divided by 3?
1
Let l = 29 + -25. Calculate the remainder when 46 is divided by l/(-26) - 132/(-13).
6
What is the remainder when (30 - -1) + (-3 - (-48)/12) is divided by (-42)/4*(-6)/9?
4
Let p be ((-14)/6)/(1/18). Let i = -28 - p. Suppose -62*d + 74*d = 312. Calculate the remainder when d is divided by i.
12
Let l = -187 + 675. Calculate the remainder when l is divided by 10.
8
Suppose -u - 62 = -3*u. Let v(k) = -k**3 - 10*k**2 + 12*k + 16. Let x be v(-11). Suppose -x - 27 = -4*d. Calculate the remainder when u is divided by d.
7
Suppose 0 = -4*g + 97 + 23. Calculate the remainder when 56 is divided by g.
26
What is the remainder when 42 is divided by 24/(-108) + 508/18?
14
Let z be ((-2)/4)/(2/(-8)). Let j be -3 - (-17)/(17/6). Suppose -j*s + 9 = -z*s. What is the remainder when 25 is divided by s?
7
Suppose 4*y - 29 = 15. Let t = 3 - y. Calculate the remainder when 70 is divided by (-90)/(-10)*t/(-3).
22
Let i = 15 + -10. Let y(v) = 3*v. Calculate the remainder when 72 is divided by y(i).
12
Suppose -2*t + 4*g = -4*t + 84, 158 = 4*t + 3*g. Let d(f) = -2*f - 29. What is the remainder when t is divided by d(-21)?
12
Let v(k) = -9*k**3 - 15*k**2 - 25*k + 2. Let u(b) = 4*b**3 + 8*b**2 + 12*b - 1. Let y(f) = 7*u(f) + 3*v(f). What is the remainder when 34 is divided by y(-10)?
7
Let u = 534 - 502. Let t = -96 + 68. Let o = t + 45. What is the remainder when u is divided by o?
15
Suppose -17*v + 1390 - 472 = 0. Calculate the remainder when v is divided by 30.
24
Suppose 4*s - 82 + 22 = 0. Calculate the remainder when 72 is divided by s.
12
Let d = -305 - -323. What is the remainder when 158 is divided by d?
14
Suppose 3*z - 4*b - 34 = 0, 0 = 2*b + 7 + 1. Suppose 189 = 3*a + 3*k, -217*a + 216*a = -2*k - 39. Calculate the remainder when a is divided by z.
1
Let b = -170 - -90. Calculate the remainder when 35 is divided by 608/b*(-1 + (-6)/4).
16
Let n(a) = -3*a**3 - 49*a**2 + 34*a + 14. Calculate the remainder when 54 is divided by n(-17).
12
Suppose g = -4*t - 27, 5*t + 4*g = -10 - 10. Let k(a) = -2*a + 19. What is the remainder when k(t) is divided by 9?
8
Let p(j) = -2*j**3 - 41*j**2 - 24*j - 22. Let z be (2*5)/((-13)/26). What is the remainder when 173 is divided by p(z)?
57
Suppose 0 = -3*s + 4*y + 279, -19*s + 106 = -18*s + 3*y. What is the remainder when 384 is divided by s?
93
What is the remainder when 10 is divided by (-9)/15 - 1*231/(-35)?
4
Let x be (28/8 + -4)*-6. Suppose u = x*j - 22, 5*u - 17 = -5*j - 7. Calculate the remainder when 17 is divided by j.
5
Suppose -197*s + 108 = -195*s. Calculate the remainder when 322 is divided by s.
52
Suppose -6*f + 324 = -0*f. Calculate the remainder when 430 is divided by f.
52
Let h = -30 - -17. Let l = -6 - h. What is the remainder when 18 is divided by l?
4
Let z(o) = 8*o - 1. Let h be z(3). Let r = h + 2. Let s(m) = m**3 - 21*m**2 - 75*m + 146. Calculate the remainder when s(24) is divided by r.
24
Suppose -360 = -2*h - 2*n, -4*h = -4*n - 0*n - 736. Suppose 0 = -2*s - 4*f + h, 4*f = -5*s + 146 + 297. Calculate the remainder when s is divided by 22.
21
Suppose 14*y - 548 = 16*y. What is the remainder when y/(-8) + 10/(-40) is divided by 18?
16
Let h = -80 + 207. Let z(v) = -2*v - 12. Let w(r) = 5*r + 37. Let x(m) = 3*w(m) + 8*z(m). What is the remainder when h is divided by x(-17)?
31
Let g be 12/(-3)*5/(-2). Suppose -4*u = -g - 38. What is the remainder when 10*(105/14 - 4) is divided by u?
11
What is the remainder when 2314/17 - 23/((-4301)/(-22)) is divided by 61?
14
Suppose 3*t + 15 + 9 = -4*l, 3*l = 4*t + 32. Let o(p) = -7*p + 10. What is the remainder when o(t) is divided by 17?
15
Suppose 3*f - 3*a - 12 = 0, 4*f + 2*a = 14 + 26. Suppose d - 17 = 6*r - 7*r, 3*d = -5*r + 45. What is the remainder when d is divided by f?
4
Suppose a + 3*p - 25 = -3*a, 4*a - 3*p = 7. Suppose 2*q - 12 = a. Calculate the remainder when 21 is divided by q.
5
Suppose -7*s + 6*s = -144. What is the remainder when (14/4)/(8/s) is divided by 13?
11
Calculate the remainder when (522/(-15))/((-12)/30) is divided by 24.
15
Calculate the remainder when 139 is divided by (35/5 - 1) + 7.
9
Let z = -8 - -11. Let p(i) = z*i - 2 - 4 - 7 + 3. Calculate the remainder when 50 is divided by p(9).
16
Suppose 2*r = 5*u + 49 + 49, -10 = 5*u. What is the remainder when 317 is divided by r?
9
Let i be (-28)/(-7) - (-11 - 0). Suppose 7 - i = 4*g. Let v = g + 16. Calculate the remainder when 25 is divided by v.
11
Suppose 2*o - 4*r - 58 = 0, -65 = -3*o - 3*r - 14. What is the remainder when 80 is divided by o?
17
Suppose 6*a = 18 - 6. What is the remainder when ((-20)/8)/(2/(-8)*a) is divided by 4?
1
Let a = 386 + -334. What is the remainder when 104 is divided by a?
0
Suppose -57 = -8*x + 3*x + 3*g, 5*x - 53 = 2*g. Suppose -12*o - 2*o + 238 